 is 0 (base 5) in base 14?
0
Convert -245 (base 12) to base 10.
-341
Convert 13 (base 4) to base 12.
7
What is 3 (base 15) in base 16?
3
Convert 11 (base 8) to base 2.
1001
51 (base 13) to base 4
1002
What is -230 (base 4) in base 7?
-62
-11 (base 10) to base 2
-1011
Convert 220 (base 5) to base 13.
48
-8 (base 11) to base 3
-22
34 (base 6) to base 5
42
What is 1 (base 9) in base 15?
1
What is -10022 (base 3) in base 9?
-108
-4e (base 16) to base 4
-1032
What is 10 (base 5) in base 16?
5
What is 100110 (base 2) in base 13?
2c
0 (base 4) to base 9
0
Convert 3 (base 5) to base 9.
3
-103 (base 5) to base 6
-44
-5 (base 13) to base 9
-5
1 (base 2) to base 16
1
What is 4 (base 8) in base 2?
100
What is 14 (base 13) in base 16?
11
What is 100 (base 2) in base 14?
4
-6 (base 13) to base 8
-6
-220 (base 5) to base 10
-60
Convert 7 (base 10) to base 13.
7
a9 (base 11) to base 7
230
Convert 10 (base 2) to base 3.
2
What is -f (base 16) in base 3?
-120
What is -6 (base 11) in base 15?
-6
Convert 12 (base 11) to base 2.
1101
Convert 7 (base 9) to base 3.
21
Convert -4 (base 12) to base 7.
-4
8 (base 11) to base 4
20
Convert -12 (base 3) to base 14.
-5
What is 2 (base 13) in base 5?
2
What is -304 (base 6) in base 12?
-94
-11101010 (base 2) to base 16
-ea
Convert -280 (base 9) to base 13.
-150
What is 32 (base 9) in base 4?
131
Convert -80 (base 9) to base 15.
-4c
-102 (base 5) to base 16
-1b
What is -14 (base 5) in base 2?
-1001
Convert 1 (base 5) to base 11.
1
What is 45 (base 7) in base 10?
33
Convert 21 (base 14) to base 11.
27
What is 27 (base 16) in base 4?
213
-1 (base 9) to base 12
-1
What is 110 (base 5) in base 6?
50
Convert -13 (base 4) to base 15.
-7
-5 (base 7) to base 3
-12
Convert 13 (base 6) to base 7.
12
What is -10100 (base 2) in base 15?
-15
Convert -11 (base 15) to base 8.
-20
What is 0 (base 4) in base 8?
0
Convert -122 (base 3) to base 11.
-16
Convert 7 (base 10) to base 5.
12
What is -6 (base 9) in base 15?
-6
-2 (base 8) to base 6
-2
What is -25 (base 8) in base 14?
-17
Convert 64 (base 12) to base 14.
56
What is 1232 (base 4) in base 12?
92
Convert -240 (base 5) to base 15.
-4a
What is 9 (base 14) in base 12?
9
Convert -2 (base 3) to base 2.
-10
24 (base 12) to base 7
40
-5 (base 8) to base 16
-5
Convert 24 (base 10) to base 6.
40
2 (base 5) to base 2
10
1 (base 10) to base 7
1
What is -2 (base 6) in base 7?
-2
Convert -12 (base 11) to base 7.
-16
What is 7a (base 15) in base 9?
137
What is -b (base 15) in base 11?
-10
33 (base 6) to base 9
23
What is -1b (base 13) in base 16?
-18
-19 (base 16) to base 13
-1c
What is 223 (base 4) in base 10?
43
Convert -49 (base 12) to base 9.
-63
What is -3 (base 9) in base 13?
-3
Convert 1100010 (base 2) to base 13.
77
26 (base 7) to base 5
40
What is -49 (base 14) in base 6?
-145
Convert 4 (base 15) to base 3.
11
Convert -2d (base 15) to base 6.
-111
Convert 4 (base 11) to base 8.
4
18 (base 14) to base 6
34
Convert -1 (base 2) to base 12.
-1
Convert 345 (base 9) to base 4.
10130
1233 (base 4) to base 8
157
-158 (base 13) to base 2
-11110010
-15 (base 10) to base 12
-13
30 (base 4) to base 16
c
Convert 22 (base 15) to base 9.
35
What is 10 (base 7) in base 6?
11
Convert -49 (base 15) to base 13.
-54
What is 4 (base 15) in base 10?
4
Convert 7 (base 15) to base 14.
7
What is -2 (base 8) in base 11?
-2
Convert 16 (base 12) to base 15.
13
3 (base 7) to base 10
3
What is -55 (base 11) in base 2?
-111100
Convert -1100001 (base 2) to base 3.
-10121
Convert b5 (base 16) to base 4.
2311
-1 (base 6) to base 4
-1
What is 1 (base 3) in base 11?
1
40 (base 6) to base 7
33
Convert 10 (base 2) to base 3.
2
What is 443 (base 6) in base 4?
2223
Convert -15 (base 7) to base 8.
-14
What is 34 (base 5) in base 12?
17
7 (base 9) to base 4
13
What is 111 (base 2) in base 6?
11
What is 133 (base 6) in base 14?
41
Convert -5 (base 11) to base 10.
-5
42 (base 5) to base 2
10110
Convert -2 (base 14) to base 11.
-2
-3 (base 15) to base 7
-3
-45 (base 12) to base 7
-104
What is -3 (base 8) in base 7?
-3
Convert -12011 (base 3) to base 9.
-164
What is -7 (base 12) in base 2?
-111
Convert -21 (base 6) to base 11.
-12
66 (base 16) to base 7
204
8a (base 16) to base 14
9c
Convert -10 (base 11) to base 8.
-13
-a (base 15) to base 2
-1010
Convert 1 (base 8) to base 4.
1
63 (base 11) to base 15
49
Convert 212 (base 3) to base 15.
18
Convert 311 (base 5) to base 10.
81
What is -33 (base 14) in base 11?
-41
Convert -3 (base 9) to base 6.
-3
What is 0 (base 15) in base 16?
0
Convert -5 (base 15) to base 5.
-10
-3 (base 8) to base 14
-3
What is 4 (base 11) in base 4?
10
What is 0 (base 5) in base 16?
0
What is 12 (base 3) in base 16?
5
Convert 3 (base 9) to base 15.
3
121 (base 4) to base 7
34
7a (base 15) to base 8
163
Convert -142 (base 8) to base 15.
-68
What is 14 (base 11) in base 4?
33
0 (base 16) to base 14
0
-4 (base 15) to base 9
-4
224 (base 6) to base 14
64
3 (base 14) to base 8
3
What is 4 (base 6) in base 7?
4
What is 55 (base 13) in base 7?
130
-21 (base 11) to base 10
-23
-41 (base 12) to base 7
-100
What is -23 (base 13) in base 14?
-21
Convert 8b (base 12) to base 2.
1101011
Convert -22 (base 5) to base 13.
-c
What is 3 (base 12) in base 16?
3
-3 (base 15) to base 7
-3
-2032 (base 4) to base 6
-354
-108 (base 14) to base 3
-21120
-3 (base 10) to base 2
-11
1b4 (base 15) to base 6
1454
What is -1 (base 14) in base 3?
-1
-13 (base 6) to base 15
-9
-2 (base 6) to base 11
-2
127 (base 8) to base 9
106
Convert -305 (base 7) to base 12.
-108
Convert -10 (base 5) to base 13.
-5
-5 (base 6) to base 2
-101
Convert -12 (base 16) to base 11.
-17
What is -53 (base 13) in base 6?
-152
Convert 1 (base 5) to base 6.
1
Convert 0 (base 10) to base 11.
0
Convert 1a (base 14) to base 10.
24
Convert -2 (base 16) to base 14.
-2
2 (base 4) to base 15
2
-118 (base 9) to base 16
-62
What is -9 (base 11) in base 3?
-100
-31 (base 4) to base 5
-23
What is -6 (base 8) in base 14?
-6
34 (base 11) to base 10
37
-113 (base 8) to base 2
-1001011
Convert 4 (base 6) to base 14.
4
-3 (base 14) to base 11
-3
Convert -3 (base 12) to base 10.
-3
What is 4 (base 5) in base 14?
4
-19 (base 14) to base 11
-21
What is 63 (base 9) in base 12?
49
What is -3 (base 4) in base 5?
-3
What is -22 (base 9) in base 11?
-19
113 (base 6) to base 4
231
-6 (base 10) to base 9
-6
Convert -5d (base 15) to base 16.
-58
Convert d (base 15) to base 3.
111
What is -22 (base 4) in base 11?
-a
-307 (base 9) to base 2
-11111010
-140 (base 8) to base 2
-1100000
What is -30 (base 5) in base 8?
-17
What is a (base 16) in base 2?
1010
Convert 2 (base 9) to base 5.
2
What is 20 (base 6) in base 2?
1100
-30 (base 4) to base 5
-22
What is -12 (base 11) in base 4?
-31
Convert 4 (base 13) to base 11.
4
32 (base 5) to base 13
14
What is -10111 (base 2) in base 10?
-23
Convert 34 (base 6) to base 8.
26
What is 1 (base 2) in base 7?
1
Convert -1 (base 4) to base 16.
-1
Convert 14 (base 7) to base 2.
1011
2 (base 4) to base 8
2
Convert 4 (base 15) to base 8.
4
-5 (base 11) to base 15
-5
4 (base 7) to base 15
4
Convert 21002 (base 3) to base 14.
d9
What is -2 (base 11) in base 3?
-2
What is 16 (base 7) in base 6?
21
-1 (base 12) to base 5
-1
Convert -7 (base 8) to base 11.
-7
What is 1a (base 11) in base 4?
111
-101001 (base 3) to base 6
-1131
What is -39 (base 15) in base 16?
-36
What is -332 (base 9) in base 8?
-420
What is -3 (base 7) in base 15?
-3
Convert -ba (base 16) to base 9.
-226
What is 1 (base 7) in base 15?
1
What is 277 (base 8) in base 4?
2333
15 (base 16) to base 15
16
1 (base 6) to base 16
1
Convert 40 (base 10) to base 15.
2a
What is 21 (base 5) in base 12?
b
What is 3 (base 6) in base 15?
3
-130 (base 4) to base 13
-22
Convert 1202 (base 3) to base 5.
142
1322 (base 4) to base 3
11112
Convert -615 (base 7) to base 2.
-100110010
60 (base 14) to base 7
150
Convert 34 (base 7) to base 16.
19
Convert 33 (base 11) to base 9.
40
-10 (base 2) to base 5
-2
What is 110 (base 3) in base 4?
30
Convert 113 (base 9) to base 8.
135
Convert -21 (base 4) to base 9.
-10
-45 (base 8) to base 4
-211
1 (base 2) to base 14
1
What is -10101 (base 2) in base 11?
-1a
What is -102 (base 3) in base 2?
-1011
What is -4a (base 11) in base 5?
-204
What is 71 (base 15) in base 10?
106
36 (base 8) 